{"id":190,"date":"2025-10-02T00:59:47","date_gmt":"2025-10-02T05:59:47","guid":{"rendered":"https:\/\/www.civicasecuador.org\/?page_id=190"},"modified":"2025-10-06T19:40:10","modified_gmt":"2025-10-07T00:40:10","slug":"eventos-y-noticias","status":"publish","type":"page","link":"https:\/\/www.civicasecuador.org\/index.php\/eventos-y-noticias\/","title":{"rendered":"Eventos y noticias"},"content":{"rendered":"\n<div class=\"wp-block-group has-global-padding is-layout-constrained wp-block-group-is-layout-constrained\">\n<div class=\"wp-block-query alignfull is-layout-flow wp-block-query-is-layout-flow\">\n<div class=\"wp-block-group alignfull is-layout-flow wp-block-group-is-layout-flow\" style=\"padding-top:0;padding-right:0;padding-bottom:0;padding-left:0\">\n<p>En este espacio compartimos los momentos que nos unen, las acciones que nos inspiran y las voces que construyen pa\u00eds. Desde brigadas solidarias hasta actos c\u00edvicos memorables, aqu\u00ed encontrar\u00e1s las historias que reflejan el pulso ciudadano y el compromiso con un Ecuador m\u00e1s justo y participativo.<\/p>\n\n\n<ul class=\"wp-block-latest-posts__list has-dates has-author wp-block-latest-posts\"><li><div class=\"wp-block-latest-posts__featured-image alignleft\"><a href=\"https:\/\/www.civicasecuador.org\/index.php\/2025\/10\/06\/por-que-la-nueva-web-de-la-junta-civica-popular-del-ecuador-jcpe-es-mucho-mas-que-una-pagina\/\" aria-label=\"\u00bfPor qu\u00e9 la nueva web de la Junta C\u00edvica Popular del Ecuador JCPE es mucho m\u00e1s que una p\u00e1gina?\"><img loading=\"lazy\" decoding=\"async\" width=\"150\" height=\"150\" src=\"https:\/\/www.civicasecuador.org\/wp-content\/uploads\/2025\/10\/Juntacivicasinfondo-150x150.webp\" class=\"attachment-thumbnail size-thumbnail wp-post-image\" alt=\"\" style=\"max-width:75px;max-height:75px;\" srcset=\"https:\/\/www.civicasecuador.org\/wp-content\/uploads\/2025\/10\/Juntacivicasinfondo-150x150.webp 150w, https:\/\/www.civicasecuador.org\/wp-content\/uploads\/2025\/10\/Juntacivicasinfondo-300x300.webp 300w, https:\/\/www.civicasecuador.org\/wp-content\/uploads\/2025\/10\/Juntacivicasinfondo-768x768.webp 768w, https:\/\/www.civicasecuador.org\/wp-content\/uploads\/2025\/10\/Juntacivicasinfondo.webp 1024w\" sizes=\"auto, (max-width: 150px) 100vw, 150px\" \/><\/a><\/div><a class=\"wp-block-latest-posts__post-title\" href=\"https:\/\/www.civicasecuador.org\/index.php\/2025\/10\/06\/por-que-la-nueva-web-de-la-junta-civica-popular-del-ecuador-jcpe-es-mucho-mas-que-una-pagina\/\">\u00bfPor qu\u00e9 la nueva web de la Junta C\u00edvica Popular del Ecuador JCPE es mucho m\u00e1s que una p\u00e1gina?<\/a><div class=\"wp-block-latest-posts__post-author\">por admin<\/div><time datetime=\"2025-10-06T11:05:40-05:00\" class=\"wp-block-latest-posts__post-date\">6 de octubre de 2025<\/time><div class=\"wp-block-latest-posts__post-excerpt\">Un espacio digital para fortalecer la ciudadan\u00eda, la participaci\u00f3n y la justicia social En un pa\u00eds donde la participaci\u00f3n ciudadana es clave para construir una democracia s\u00f3lida, la Junta C\u00edvica Popular del Ecuador\u2026 <a class=\"wp-block-latest-posts__read-more\" href=\"https:\/\/www.civicasecuador.org\/index.php\/2025\/10\/06\/por-que-la-nueva-web-de-la-junta-civica-popular-del-ecuador-jcpe-es-mucho-mas-que-una-pagina\/\" rel=\"noopener noreferrer\">Read more<span class=\"screen-reader-text\">: \u00bfPor qu\u00e9 la nueva web de la Junta C\u00edvica Popular del Ecuador JCPE es mucho m\u00e1s que una p\u00e1gina?<\/span><\/a><\/div><\/li>\n<li><div class=\"wp-block-latest-posts__featured-image alignleft\"><a href=\"https:\/\/www.civicasecuador.org\/index.php\/2025\/10\/02\/reconocimientos-2025\/\" aria-label=\"Reconocimientos 2025\"><img loading=\"lazy\" decoding=\"async\" width=\"150\" height=\"150\" src=\"https:\/\/www.civicasecuador.org\/wp-content\/uploads\/2025\/10\/reconocimiento2025_1-150x150.webp\" class=\"attachment-thumbnail size-thumbnail wp-post-image\" alt=\"\" style=\"max-width:75px;max-height:75px;\" srcset=\"https:\/\/www.civicasecuador.org\/wp-content\/uploads\/2025\/10\/reconocimiento2025_1-150x150.webp 150w, https:\/\/www.civicasecuador.org\/wp-content\/uploads\/2025\/10\/reconocimiento2025_1-300x300.webp 300w, https:\/\/www.civicasecuador.org\/wp-content\/uploads\/2025\/10\/reconocimiento2025_1-768x768.webp 768w, https:\/\/www.civicasecuador.org\/wp-content\/uploads\/2025\/10\/reconocimiento2025_1.webp 1024w\" sizes=\"auto, (max-width: 150px) 100vw, 150px\" \/><\/a><\/div><a class=\"wp-block-latest-posts__post-title\" href=\"https:\/\/www.civicasecuador.org\/index.php\/2025\/10\/02\/reconocimientos-2025\/\">Reconocimientos 2025<\/a><div class=\"wp-block-latest-posts__post-author\">por admin<\/div><time datetime=\"2025-10-02T00:21:02-05:00\" class=\"wp-block-latest-posts__post-date\">2 de octubre de 2025<\/time><div class=\"wp-block-latest-posts__post-excerpt\">Como parte de su compromiso con el pa\u00eds, la Junta C\u00edvica Popular del Ecuador impulsa cada a\u00f1o la Entrega de Distinciones Oficiales, un espacio solemne y de profundo valor c\u00edvico en el que\u2026 <a class=\"wp-block-latest-posts__read-more\" href=\"https:\/\/www.civicasecuador.org\/index.php\/2025\/10\/02\/reconocimientos-2025\/\" rel=\"noopener noreferrer\">Read more<span class=\"screen-reader-text\">: Reconocimientos 2025<\/span><\/a><\/div><\/li>\n<\/ul><\/div>\n<\/div>\n<\/div>\n","protected":false},"excerpt":{"rendered":"","protected":false},"author":1,"featured_media":386,"parent":0,"menu_order":0,"comment_status":"closed","ping_status":"closed","template":"","meta":{"footnotes":""},"class_list":["post-190","page","type-page","status-publish","has-post-thumbnail","hentry"],"yoast_head":"<!-- This site is optimized with the Yoast SEO plugin v26.2 - https:\/\/yoast.com\/wordpress\/plugins\/seo\/ -->\n<title>Eventos y noticias - Junta C\u00edvica Popular del Ecuador<\/title>\n<meta name=\"description\" content=\"Eventos y noticias Junta C\u00edvica Popular del Ecuador -\" \/>\n<meta name=\"robots\" content=\"index, follow, max-snippet:-1, max-image-preview:large, max-video-preview:-1\" \/>\n<link rel=\"canonical\" href=\"https:\/\/www.civicasecuador.org\/index.php\/eventos-y-noticias\/\" \/>\n<meta property=\"og:locale\" content=\"es_ES\" \/>\n<meta property=\"og:type\" content=\"article\" \/>\n<meta property=\"og:title\" content=\"Eventos y noticias - Junta C\u00edvica Popular del Ecuador\" \/>\n<meta property=\"og:description\" content=\"Eventos y noticias Junta C\u00edvica Popular del Ecuador -\" \/>\n<meta property=\"og:url\" content=\"https:\/\/www.civicasecuador.org\/index.php\/eventos-y-noticias\/\" \/>\n<meta property=\"og:site_name\" content=\"Junta C\u00edvica Popular del Ecuador\" \/>\n<meta property=\"article:publisher\" content=\"https:\/\/www.facebook.com\/watch\/?v=191194030746352\" \/>\n<meta property=\"article:modified_time\" content=\"2025-10-07T00:40:10+00:00\" \/>\n<meta property=\"og:image\" content=\"https:\/\/www.civicasecuador.org\/wp-content\/uploads\/2025\/10\/EventosNoticias2-scaled.webp\" \/>\n\t<meta property=\"og:image:width\" content=\"2560\" \/>\n\t<meta property=\"og:image:height\" content=\"1707\" \/>\n\t<meta property=\"og:image:type\" content=\"image\/webp\" \/>\n<meta name=\"twitter:card\" content=\"summary_large_image\" \/>\n<meta name=\"twitter:site\" content=\"@JuntaCivicaP\" \/>\n<meta name=\"twitter:label1\" content=\"Tiempo de lectura\" \/>\n\t<meta name=\"twitter:data1\" content=\"1 minuto\" \/>\n<script type=\"application\/ld+json\" class=\"yoast-schema-graph\">{\"@context\":\"https:\/\/schema.org\",\"@graph\":[{\"@type\":\"WebPage\",\"@id\":\"https:\/\/www.civicasecuador.org\/index.php\/eventos-y-noticias\/\",\"url\":\"https:\/\/www.civicasecuador.org\/index.php\/eventos-y-noticias\/\",\"name\":\"Eventos y noticias - Junta C\u00edvica Popular del Ecuador\",\"isPartOf\":{\"@id\":\"https:\/\/www.civicasecuador.org\/#website\"},\"primaryImageOfPage\":{\"@id\":\"https:\/\/www.civicasecuador.org\/index.php\/eventos-y-noticias\/#primaryimage\"},\"image\":{\"@id\":\"https:\/\/www.civicasecuador.org\/index.php\/eventos-y-noticias\/#primaryimage\"},\"thumbnailUrl\":\"https:\/\/www.civicasecuador.org\/wp-content\/uploads\/2025\/10\/EventosNoticias2-scaled.webp\",\"datePublished\":\"2025-10-02T05:59:47+00:00\",\"dateModified\":\"2025-10-07T00:40:10+00:00\",\"description\":\"Eventos y noticias Junta C\u00edvica Popular del Ecuador -\",\"breadcrumb\":{\"@id\":\"https:\/\/www.civicasecuador.org\/index.php\/eventos-y-noticias\/#breadcrumb\"},\"inLanguage\":\"es\",\"potentialAction\":[{\"@type\":\"ReadAction\",\"target\":[\"https:\/\/www.civicasecuador.org\/index.php\/eventos-y-noticias\/\"]}]},{\"@type\":\"ImageObject\",\"inLanguage\":\"es\",\"@id\":\"https:\/\/www.civicasecuador.org\/index.php\/eventos-y-noticias\/#primaryimage\",\"url\":\"https:\/\/www.civicasecuador.org\/wp-content\/uploads\/2025\/10\/EventosNoticias2-scaled.webp\",\"contentUrl\":\"https:\/\/www.civicasecuador.org\/wp-content\/uploads\/2025\/10\/EventosNoticias2-scaled.webp\",\"width\":2560,\"height\":1707},{\"@type\":\"BreadcrumbList\",\"@id\":\"https:\/\/www.civicasecuador.org\/index.php\/eventos-y-noticias\/#breadcrumb\",\"itemListElement\":[{\"@type\":\"ListItem\",\"position\":1,\"name\":\"Portada\",\"item\":\"https:\/\/www.civicasecuador.org\/\"},{\"@type\":\"ListItem\",\"position\":2,\"name\":\"Eventos y noticias\"}]},{\"@type\":\"WebSite\",\"@id\":\"https:\/\/www.civicasecuador.org\/#website\",\"url\":\"https:\/\/www.civicasecuador.org\/\",\"name\":\"Junta C\u00edvica Popular del Ecuador\",\"description\":\"La Junta C\u00edvica Popular del Ecuador es una organizaci\u00f3n ciudadana de car\u00e1cter nacional, independiente y plural, que busca promover la participaci\u00f3n activa de la sociedad en la defensa de los derechos, el fortalecimiento democr\u00e1tico y el desarrollo comunitario.\",\"publisher\":{\"@id\":\"https:\/\/www.civicasecuador.org\/#organization\"},\"alternateName\":\"La Junta C\u00edvica Popular del Ecuador es una organizaci\u00f3n ciudadana de car\u00e1cter nacional, independiente y plural, que busca promover la participaci\u00f3n activa de la sociedad en la defensa de los derechos, el fortalecimiento democr\u00e1tico y el desarrollo comunitario.\",\"potentialAction\":[{\"@type\":\"SearchAction\",\"target\":{\"@type\":\"EntryPoint\",\"urlTemplate\":\"https:\/\/www.civicasecuador.org\/?s={search_term_string}\"},\"query-input\":{\"@type\":\"PropertyValueSpecification\",\"valueRequired\":true,\"valueName\":\"search_term_string\"}}],\"inLanguage\":\"es\"},{\"@type\":\"Organization\",\"@id\":\"https:\/\/www.civicasecuador.org\/#organization\",\"name\":\"Junta C\u00edvica Popular del Ecuador\",\"alternateName\":\"JCPE\",\"url\":\"https:\/\/www.civicasecuador.org\/\",\"logo\":{\"@type\":\"ImageObject\",\"inLanguage\":\"es\",\"@id\":\"https:\/\/www.civicasecuador.org\/#\/schema\/logo\/image\/\",\"url\":\"https:\/\/www.civicasecuador.org\/wp-content\/uploads\/2025\/10\/logo2.png\",\"contentUrl\":\"https:\/\/www.civicasecuador.org\/wp-content\/uploads\/2025\/10\/logo2.png\",\"width\":576,\"height\":636,\"caption\":\"Junta C\u00edvica Popular del Ecuador\"},\"image\":{\"@id\":\"https:\/\/www.civicasecuador.org\/#\/schema\/logo\/image\/\"},\"sameAs\":[\"https:\/\/www.facebook.com\/watch\/?v=191194030746352\",\"https:\/\/x.com\/JuntaCivicaP\"]}]}<\/script>\n<!-- \/ Yoast SEO plugin. -->","yoast_head_json":{"title":"Eventos y noticias - Junta C\u00edvica Popular del Ecuador","description":"Eventos y noticias Junta C\u00edvica Popular del Ecuador -","robots":{"index":"index","follow":"follow","max-snippet":"max-snippet:-1","max-image-preview":"max-image-preview:large","max-video-preview":"max-video-preview:-1"},"canonical":"https:\/\/www.civicasecuador.org\/index.php\/eventos-y-noticias\/","og_locale":"es_ES","og_type":"article","og_title":"Eventos y noticias - Junta C\u00edvica Popular del Ecuador","og_description":"Eventos y noticias Junta C\u00edvica Popular del Ecuador -","og_url":"https:\/\/www.civicasecuador.org\/index.php\/eventos-y-noticias\/","og_site_name":"Junta C\u00edvica Popular del Ecuador","article_publisher":"https:\/\/www.facebook.com\/watch\/?v=191194030746352","article_modified_time":"2025-10-07T00:40:10+00:00","og_image":[{"width":2560,"height":1707,"url":"https:\/\/www.civicasecuador.org\/wp-content\/uploads\/2025\/10\/EventosNoticias2-scaled.webp","type":"image\/webp"}],"twitter_card":"summary_large_image","twitter_site":"@JuntaCivicaP","twitter_misc":{"Tiempo de lectura":"1 minuto"},"schema":{"@context":"https:\/\/schema.org","@graph":[{"@type":"WebPage","@id":"https:\/\/www.civicasecuador.org\/index.php\/eventos-y-noticias\/","url":"https:\/\/www.civicasecuador.org\/index.php\/eventos-y-noticias\/","name":"Eventos y noticias - Junta C\u00edvica Popular del Ecuador","isPartOf":{"@id":"https:\/\/www.civicasecuador.org\/#website"},"primaryImageOfPage":{"@id":"https:\/\/www.civicasecuador.org\/index.php\/eventos-y-noticias\/#primaryimage"},"image":{"@id":"https:\/\/www.civicasecuador.org\/index.php\/eventos-y-noticias\/#primaryimage"},"thumbnailUrl":"https:\/\/www.civicasecuador.org\/wp-content\/uploads\/2025\/10\/EventosNoticias2-scaled.webp","datePublished":"2025-10-02T05:59:47+00:00","dateModified":"2025-10-07T00:40:10+00:00","description":"Eventos y noticias Junta C\u00edvica Popular del Ecuador -","breadcrumb":{"@id":"https:\/\/www.civicasecuador.org\/index.php\/eventos-y-noticias\/#breadcrumb"},"inLanguage":"es","potentialAction":[{"@type":"ReadAction","target":["https:\/\/www.civicasecuador.org\/index.php\/eventos-y-noticias\/"]}]},{"@type":"ImageObject","inLanguage":"es","@id":"https:\/\/www.civicasecuador.org\/index.php\/eventos-y-noticias\/#primaryimage","url":"https:\/\/www.civicasecuador.org\/wp-content\/uploads\/2025\/10\/EventosNoticias2-scaled.webp","contentUrl":"https:\/\/www.civicasecuador.org\/wp-content\/uploads\/2025\/10\/EventosNoticias2-scaled.webp","width":2560,"height":1707},{"@type":"BreadcrumbList","@id":"https:\/\/www.civicasecuador.org\/index.php\/eventos-y-noticias\/#breadcrumb","itemListElement":[{"@type":"ListItem","position":1,"name":"Portada","item":"https:\/\/www.civicasecuador.org\/"},{"@type":"ListItem","position":2,"name":"Eventos y noticias"}]},{"@type":"WebSite","@id":"https:\/\/www.civicasecuador.org\/#website","url":"https:\/\/www.civicasecuador.org\/","name":"Junta C\u00edvica Popular del Ecuador","description":"La Junta C\u00edvica Popular del Ecuador es una organizaci\u00f3n ciudadana de car\u00e1cter nacional, independiente y plural, que busca promover la participaci\u00f3n activa de la sociedad en la defensa de los derechos, el fortalecimiento democr\u00e1tico y el desarrollo comunitario.","publisher":{"@id":"https:\/\/www.civicasecuador.org\/#organization"},"alternateName":"La Junta C\u00edvica Popular del Ecuador es una organizaci\u00f3n ciudadana de car\u00e1cter nacional, independiente y plural, que busca promover la participaci\u00f3n activa de la sociedad en la defensa de los derechos, el fortalecimiento democr\u00e1tico y el desarrollo comunitario.","potentialAction":[{"@type":"SearchAction","target":{"@type":"EntryPoint","urlTemplate":"https:\/\/www.civicasecuador.org\/?s={search_term_string}"},"query-input":{"@type":"PropertyValueSpecification","valueRequired":true,"valueName":"search_term_string"}}],"inLanguage":"es"},{"@type":"Organization","@id":"https:\/\/www.civicasecuador.org\/#organization","name":"Junta C\u00edvica Popular del Ecuador","alternateName":"JCPE","url":"https:\/\/www.civicasecuador.org\/","logo":{"@type":"ImageObject","inLanguage":"es","@id":"https:\/\/www.civicasecuador.org\/#\/schema\/logo\/image\/","url":"https:\/\/www.civicasecuador.org\/wp-content\/uploads\/2025\/10\/logo2.png","contentUrl":"https:\/\/www.civicasecuador.org\/wp-content\/uploads\/2025\/10\/logo2.png","width":576,"height":636,"caption":"Junta C\u00edvica Popular del Ecuador"},"image":{"@id":"https:\/\/www.civicasecuador.org\/#\/schema\/logo\/image\/"},"sameAs":["https:\/\/www.facebook.com\/watch\/?v=191194030746352","https:\/\/x.com\/JuntaCivicaP"]}]}},"_links":{"self":[{"href":"https:\/\/www.civicasecuador.org\/index.php\/wp-json\/wp\/v2\/pages\/190","targetHints":{"allow":["GET"]}}],"collection":[{"href":"https:\/\/www.civicasecuador.org\/index.php\/wp-json\/wp\/v2\/pages"}],"about":[{"href":"https:\/\/www.civicasecuador.org\/index.php\/wp-json\/wp\/v2\/types\/page"}],"author":[{"embeddable":true,"href":"https:\/\/www.civicasecuador.org\/index.php\/wp-json\/wp\/v2\/users\/1"}],"replies":[{"embeddable":true,"href":"https:\/\/www.civicasecuador.org\/index.php\/wp-json\/wp\/v2\/comments?post=190"}],"version-history":[{"count":5,"href":"https:\/\/www.civicasecuador.org\/index.php\/wp-json\/wp\/v2\/pages\/190\/revisions"}],"predecessor-version":[{"id":199,"href":"https:\/\/www.civicasecuador.org\/index.php\/wp-json\/wp\/v2\/pages\/190\/revisions\/199"}],"wp:featuredmedia":[{"embeddable":true,"href":"https:\/\/www.civicasecuador.org\/index.php\/wp-json\/wp\/v2\/media\/386"}],"wp:attachment":[{"href":"https:\/\/www.civicasecuador.org\/index.php\/wp-json\/wp\/v2\/media?parent=190"}],"curies":[{"name":"wp","href":"https:\/\/api.w.org\/{rel}","templated":true}]}}